{"id":6,"date":"2019-12-02T10:03:50","date_gmt":"2019-12-02T09:03:50","guid":{"rendered":"https:\/\/axis.lublin.pl\/index.php\/oferta\/"},"modified":"2020-01-19T13:31:22","modified_gmt":"2020-01-19T12:31:22","slug":"oferta","status":"publish","type":"page","link":"https:\/\/axis.lublin.pl\/index.php\/oferta\/","title":{"rendered":"Oferta"},"content":{"rendered":"<p>[et_pb_section fb_built=&#8221;1&#8243; admin_label=&#8221;Hero Section&#8221; _builder_version=&#8221;4.0.2&#8243; background_color=&#8221;rgba(255,255,255,0.29)&#8221; background_color_gradient_direction=&#8221;100deg&#8221; background_image=&#8221;https:\/\/axis.lublin.pl\/wp-content\/uploads\/2019\/12\/sliderhom.jpg&#8221; background_blend=&#8221;overlay&#8221; custom_padding=&#8221;0%||0%|||&#8221;][et_pb_row column_structure=&#8221;1_2,1_2&#8243; admin_label=&#8221;Hero Area&#8221; _builder_version=&#8221;4.0.2&#8243; background_size=&#8221;initial&#8221; background_position=&#8221;top_left&#8221; background_repeat=&#8221;repeat&#8221; width=&#8221;75%&#8221; max_width=&#8221;75%&#8221; custom_padding=&#8221;0px||0px|||&#8221;][et_pb_column type=&#8221;1_2&#8243; _builder_version=&#8221;4.0.2&#8243; custom_padding=&#8221;8%||||false|false&#8221; custom_padding__hover=&#8221;|||&#8221;][et_pb_cta title=&#8221;OFERTA&#8221; button_url=&#8221;#&#8221; admin_label=&#8221;1&#8243; _builder_version=&#8221;4.0.2&#8243; header_level=&#8221;h1&#8243; header_font=&#8221;Lora|700|||||||&#8221; header_text_align=&#8221;left&#8221; header_text_color=&#8221;#282821&#8243; header_font_size=&#8221;45px&#8221; header_letter_spacing=&#8221;1px&#8221; header_line_height=&#8221;1.4em&#8221; body_font=&#8221;Muli|600|||||||&#8221; body_text_color=&#8221;#000000&#8243; body_font_size=&#8221;18px&#8221; body_line_height=&#8221;1.8em&#8221; use_background_color=&#8221;off&#8221; custom_button=&#8221;on&#8221; button_text_size=&#8221;15px&#8221; button_text_color=&#8221;#297FCA&#8221; button_bg_color=&#8221;#ffffff&#8221; button_border_width=&#8221;12px&#8221; button_border_color=&#8221;#ffffff&#8221; button_letter_spacing=&#8221;2px&#8221; button_font=&#8221;Muli|700||on|||||&#8221; button_icon=&#8221;%%3%%&#8221; text_orientation=&#8221;left&#8221; custom_padding=&#8221;70px||70px||true|false&#8221; animation_style=&#8221;slide&#8221; animation_direction=&#8221;left&#8221; header_font_size_tablet=&#8221;&#8221; header_font_size_phone=&#8221;25px&#8221; header_font_size_last_edited=&#8221;on|phone&#8221; button_text_color_hover=&#8221;#297FCA&#8221; button_border_color_hover=&#8221;#ffffff&#8221; button_bg_color_hover=&#8221;#ffffff&#8221; button_text_size__hover_enabled=&#8221;off&#8221; button_one_text_size__hover_enabled=&#8221;off&#8221; button_two_text_size__hover_enabled=&#8221;off&#8221; button_text_color__hover_enabled=&#8221;on&#8221; button_text_color__hover=&#8221;#297FCA&#8221; button_one_text_color__hover_enabled=&#8221;off&#8221; button_two_text_color__hover_enabled=&#8221;off&#8221; button_border_width__hover_enabled=&#8221;off&#8221; button_one_border_width__hover_enabled=&#8221;off&#8221; button_two_border_width__hover_enabled=&#8221;off&#8221; button_border_color__hover_enabled=&#8221;on&#8221; button_border_color__hover=&#8221;#ffffff&#8221; button_one_border_color__hover_enabled=&#8221;off&#8221; button_two_border_color__hover_enabled=&#8221;off&#8221; button_border_radius__hover_enabled=&#8221;off&#8221; button_one_border_radius__hover_enabled=&#8221;off&#8221; button_two_border_radius__hover_enabled=&#8221;off&#8221; button_letter_spacing__hover_enabled=&#8221;off&#8221; button_one_letter_spacing__hover_enabled=&#8221;off&#8221; button_two_letter_spacing__hover_enabled=&#8221;off&#8221; button_bg_color__hover_enabled=&#8221;on&#8221; button_bg_color__hover=&#8221;#ffffff&#8221; button_one_bg_color__hover_enabled=&#8221;off&#8221; button_two_bg_color__hover_enabled=&#8221;off&#8221;][\/et_pb_cta][\/et_pb_column][et_pb_column type=&#8221;1_2&#8243; _builder_version=&#8221;3.25&#8243; custom_padding=&#8221;|||&#8221; custom_padding__hover=&#8221;|||&#8221;][\/et_pb_column][\/et_pb_row][\/et_pb_section][et_pb_section fb_built=&#8221;1&#8243; _builder_version=&#8221;4.0.2&#8243; custom_padding=&#8221;0px||0px|||&#8221;][et_pb_row column_structure=&#8221;1_2,1_2&#8243; _builder_version=&#8221;4.0.2&#8243; width=&#8221;75%&#8221; max_width=&#8221;75%&#8221;][et_pb_column type=&#8221;1_2&#8243; _builder_version=&#8221;4.0.2&#8243;][et_pb_text _builder_version=&#8221;4.0.2&#8243; text_font=&#8221;Muli|700|||||||&#8221; text_text_color=&#8221;#282821&#8243; text_font_size=&#8221;16px&#8221; text_line_height=&#8221;2em&#8221; custom_margin=&#8221;-6px|||&#8221; custom_padding=&#8221;|||&#8221;]<\/p>\n<p style=\"text-align: justify;\"><strong>Masa\u017c dla nauczycieli<\/strong><\/p>\n<p style=\"text-align: justify;\">Praca nauczyciela wi\u0105\u017ce si\u0119 z du\u017cym napi\u0119ciem emocjonalnym, kt\u00f3re po up\u0142ywie czasu ujawnia si\u0119 w postaci napi\u0119cia w r\u00f3\u017cnych odcinkach kr\u0119gos\u0142upa. Po powrocie do domu tak\u017ce trudno si\u0119 odpr\u0119\u017cy\u0107 i w pe\u0142ni zregenerowa\u0107. Nat\u0142ok obowi\u0105zk\u00f3w i stres wp\u0142ywaj\u0105 niekorzystnie na jako\u015b\u0107 Twojego \u017cycia.<br \/> Dlatego zaprojektowali\u015bmy specjalny masa\u017c dla nauczycieli, kt\u00f3ry pomaga zdj\u0105\u0107 z Twoich plec\u00f3w ca\u0142e napi\u0119cie i b\u00f3l, a tak\u017ce uzyska\u0107 od\u017cywczy relaks i cieszy\u0107 si\u0119 swoj\u0105 prac\u0105 w pe\u0142ni.<br \/> Wystarczy tylko, \u017ce si\u0119 ze mn\u0105 skontaktujesz \u2026 lub napiszesz, a lada chwila skorzystasz z masa\u017cu, kt\u00f3ry:<\/p>\n<ul>\n<li style=\"text-align: justify;\">Zregeneruje Twoje cia\u0142o<\/li>\n<li style=\"text-align: justify;\">Rozlu\u017ani napi\u0119cie<\/li>\n<li style=\"text-align: justify;\">U\u015bmierzy b\u00f3l<\/li>\n<li style=\"text-align: justify;\">Pozwoli si\u0119 zrelaksowa\u0107<\/li>\n<li style=\"text-align: justify;\">Poprawi kondycj\u0119 kr\u0119gos\u0142upa<\/li>\n<\/ul>\n<p> Zapisz si\u0119 ju\u017c dzi\u015b i pozw\u00f3l sobie na prawdziw\u0105 ulg\u0119:<br \/> &#8211; telefon: 693 453 200<\/p>\n<p>[\/et_pb_text][\/et_pb_column][et_pb_column type=&#8221;1_2&#8243; _builder_version=&#8221;4.0.2&#8243;][et_pb_image src=&#8221;https:\/\/axis.lublin.pl\/wp-content\/uploads\/2019\/12\/masa\u017c-nauczyciele-axis.png&#8221; align=&#8221;center&#8221; force_fullwidth=&#8221;on&#8221; _builder_version=&#8221;4.0.2&#8243;][\/et_pb_image][\/et_pb_column][\/et_pb_row][\/et_pb_section][et_pb_section fb_built=&#8221;1&#8243; _builder_version=&#8221;4.0.2&#8243; background_color=&#8221;#a2d44f&#8221; custom_padding=&#8221;0px|0px|0px|0px|true|false&#8221;][et_pb_row column_structure=&#8221;1_2,1_2&#8243; use_custom_gutter=&#8221;on&#8221; _builder_version=&#8221;4.0.2&#8243; width=&#8221;75%&#8221; max_width=&#8221;75%&#8221; custom_padding=&#8221;27px|0px|13px|0px|false|false&#8221; animation_style=&#8221;fade&#8221; animation_delay=&#8221;400ms&#8221;][et_pb_column type=&#8221;1_2&#8243; _builder_version=&#8221;3.25&#8243; custom_padding=&#8221;|||&#8221; custom_padding__hover=&#8221;|||&#8221;][et_pb_image src=&#8221;https:\/\/axis.lublin.pl\/wp-content\/uploads\/2019\/12\/masa\u017c-kierowcy-axis.png&#8221; _builder_version=&#8221;4.0.2&#8243;][\/et_pb_image][\/et_pb_column][et_pb_column type=&#8221;1_2&#8243; _builder_version=&#8221;3.25&#8243; custom_padding=&#8221;|||&#8221; custom_padding__hover=&#8221;|||&#8221;][et_pb_text _builder_version=&#8221;4.0.2&#8243; text_font=&#8221;Muli|700|||||||&#8221; text_text_color=&#8221;#282821&#8243; text_font_size=&#8221;16px&#8221; text_line_height=&#8221;2em&#8221; custom_margin=&#8221;-6px|||&#8221; custom_padding=&#8221;|||&#8221;]<\/p>\n<p><strong>Kierowco<\/strong><\/p>\n<p> Godziny sp\u0119dzone za kierownic\u0105 w tej samej, siedz\u0105cej pozycji wp\u0142ywaj\u0105 niekorzystnie na kr\u0119gos\u0142up. Pewnie cz\u0119sto skar\u017cysz si\u0119 na b\u00f3le l\u0119d\u017awiowe i okolic szyi. Liczne drgania w trakcie jazdy dodatkowo pog\u0142\u0119biaj\u0105 te problemy.<br \/> Postanowili\u015bmy da\u0107 ulg\u0119 kierowcom w postaci specjalistycznego masa\u017cu, kt\u00f3ry sprawia, \u017ce jazda mo\u017ce sta\u0107 si\u0119 przyjemno\u015bci\u0105, a po powrocie do domu nie musisz ju\u017c martwi\u0107 si\u0119 jak u\u015bmierzy\u0107 b\u00f3l plec\u00f3w. P\u00f3\u0142 godziny masa\u017cu to bardzo niewiele, a dla Twojego kr\u0119gos\u0142upa mo\u017ce mie\u0107 zbawienne efekty. Wystarczy, \u017ce zapiszesz si\u0119 na masa\u017c \u017ceby:<\/p>\n<ul>\n<li>Pozby\u0107 si\u0119 b\u00f3lu szyi<\/li>\n<li>U\u015bmierzy\u0107 b\u00f3le l\u0119d\u017awiowe<\/li>\n<li>Poprawi\u0107 kondycj\u0119 kr\u0119gos\u0142upa<\/li>\n<li>Porz\u0105dnie si\u0119 zrelaksowa\u0107<\/li>\n<li>Zwi\u0119kszy\u0107 satysfakcj\u0119 z jazdy<\/li>\n<\/ul>\n<p> Zapisz si\u0119 ju\u017c dzi\u015b i pozw\u00f3l sobie na prawdziw\u0105 ulg\u0119:<br \/> &#8211; telefon: 693 453 200<\/p>\n<p>[\/et_pb_text][\/et_pb_column][\/et_pb_row][\/et_pb_section][et_pb_section fb_built=&#8221;1&#8243; _builder_version=&#8221;4.0.2&#8243; custom_padding=&#8221;0px||0px|||&#8221;][et_pb_row column_structure=&#8221;1_2,1_2&#8243; _builder_version=&#8221;4.0.2&#8243; width=&#8221;75%&#8221; max_width=&#8221;75%&#8221;][et_pb_column type=&#8221;1_2&#8243; _builder_version=&#8221;4.0.2&#8243;][et_pb_text _builder_version=&#8221;4.0.2&#8243; text_font=&#8221;Muli|700|||||||&#8221; text_text_color=&#8221;#282821&#8243; text_font_size=&#8221;16px&#8221; text_line_height=&#8221;2em&#8221; custom_margin=&#8221;-6px|||&#8221; custom_padding=&#8221;|||&#8221;]<\/p>\n<p>Masa\u017c biurowy<\/p>\n<p>Pracujecie w biurze, sp\u0119dzaj\u0105c wi\u0119kszo\u015b\u0107 dnia na siedz\u0105co. W pewnym momencie czujecie b\u00f3le plec\u00f3w, a obowi\u0105zki w pracy wzmagaj\u0105 stres, kt\u00f3ry Was rozprasza. W dzisiejszych czasach zapomnieli\u015bmy jak skutecznie si\u0119 regenerowa\u0107.<br \/> Specjalnie dla os\u00f3b pracuj\u0105cych za biurkiem stworzy\u0142em masa\u017c, kt\u00f3ry sprawi, \u017ce 30 minut regeneracji da Ci ulg\u0119, kt\u00f3ra kilkukrotnie zwi\u0119kszy efektywno\u015b\u0107 Twojej pracy.<br \/> Kilkudziesi\u0119ciominutowy masa\u017c mo\u017ce mie\u0107 podobny efekt, co kilka godzin snu!<br \/> \u201eTo jedna z najm\u0105drzejszych inwestycji w wydajno\u015b\u0107 swoich pracownik\u00f3w\u201d<br \/> informuj\u0105 przedsi\u0119biorcy!<br \/> Na zachodzie firmy korzystaj\u0105 z takiej us\u0142ugi, bo pracodawcy wiedz\u0105, \u017ce po masa\u017cu, pracownicy wracaj\u0105 do swoich obowi\u0105zk\u00f3w z wi\u0119kszym zaanga\u017cowaniem i zastrzykiem energii.<br \/> To mobilna us\u0142uga! Zadzwo\u0144, a przyjad\u0119 do Waszego biura i wykonam masa\u017c dla ka\u017cdego, kto b\u0119dzie tego potrzebowa\u0142.<\/p>\n<ul>\n<li>usuniesz napi\u0119cie z plec\u00f3w<\/li>\n<li>u\u015bmierzysz b\u00f3l<\/li>\n<li>zwi\u0119kszysz koncentracj\u0119<\/li>\n<li>podniesiesz wydajno\u015b\u0107 pracy<\/li>\n<li>b\u0119dziesz u\u015bmiechni\u0119ty od ucha do ucha ?<\/li>\n<\/ul>\n<p> Zapisz si\u0119 ju\u017c dzi\u015b i pozw\u00f3l sobie na prawdziw\u0105 ulg\u0119:<br \/> &#8211; telefon: 693 453 200<\/p>\n<p>[\/et_pb_text][\/et_pb_column][et_pb_column type=&#8221;1_2&#8243; _builder_version=&#8221;4.0.2&#8243;][et_pb_image src=&#8221;https:\/\/axis.lublin.pl\/wp-content\/uploads\/2019\/12\/masa\u017c-biurowy-axis.png&#8221; align=&#8221;center&#8221; force_fullwidth=&#8221;on&#8221; _builder_version=&#8221;4.0.2&#8243;][\/et_pb_image][\/et_pb_column][\/et_pb_row][\/et_pb_section][et_pb_section fb_built=&#8221;1&#8243; _builder_version=&#8221;4.0.2&#8243; background_color=&#8221;#a2d44f&#8221; custom_padding=&#8221;0px|0px|0px|0px|true|false&#8221;][et_pb_row column_structure=&#8221;1_2,1_2&#8243; use_custom_gutter=&#8221;on&#8221; _builder_version=&#8221;4.0.2&#8243; width=&#8221;75%&#8221; max_width=&#8221;75%&#8221; custom_padding=&#8221;27px|0px|13px|0px|false|false&#8221; animation_style=&#8221;fade&#8221; animation_delay=&#8221;400ms&#8221;][et_pb_column type=&#8221;1_2&#8243; _builder_version=&#8221;3.25&#8243; custom_padding=&#8221;|||&#8221; custom_padding__hover=&#8221;|||&#8221;][et_pb_image src=&#8221;https:\/\/axis.lublin.pl\/wp-content\/uploads\/2019\/12\/oferta-kluby-axis.png&#8221; _builder_version=&#8221;4.0.2&#8243;][\/et_pb_image][\/et_pb_column][et_pb_column type=&#8221;1_2&#8243; _builder_version=&#8221;3.25&#8243; custom_padding=&#8221;|||&#8221; custom_padding__hover=&#8221;|||&#8221;][et_pb_text _builder_version=&#8221;4.0.2&#8243; text_font=&#8221;Muli|700|||||||&#8221; text_text_color=&#8221;#282821&#8243; text_font_size=&#8221;16px&#8221; text_line_height=&#8221;2em&#8221; custom_margin=&#8221;-6px|||&#8221; custom_padding=&#8221;|||&#8221;]<\/p>\n<p><strong>Oferta dla klub\u00f3w sportowych<\/strong><\/p>\n<p>Pierwszym zawodnikiem, kt\u00f3ry w czasie igrzysk w 1924 korzysta\u0142 z masa\u017cu by\u0142 Paavo Nurmi \u2013 fi\u0144ski biegacz. Wiecie jakie by\u0142y wyniki tego sportowca?<br \/> Zdoby\u0142 dwa z\u0142ote medale i pobi\u0142 rekord \u015bwiata.<br \/> Lata treningu i wyrzecze\u0144 wa\u017c\u0105 si\u0119 cz\u0119sto w jednej, kr\u00f3tkiej chwili. Dlatego warto zadba\u0107 o to, aby maksymalnie zwi\u0119kszy\u0107 szanse swojego organizmu i przygotowa\u0107 sw\u00f3j umys\u0142 do sportowych wyzwa\u0144.<br \/> Opracowany i wielokrotnie przetestowany masa\u017c dla sportowc\u00f3w spe\u0142ni Twoje wymagania!<br \/> A mo\u017ce szukasz ciekawych pomys\u0142\u00f3w, aby podnie\u015b\u0107 rang\u0119 i atrakcyjno\u015b\u0107 imprezy sportowej?<br \/> Wybierz specjalny masa\u017c dla sportowc\u00f3w, kt\u00f3ry:<\/p>\n<ul>\n<li>\u015bwietnie przygotuje do zawod\u00f3w<\/li>\n<li>zwi\u0119kszy Twoj\u0105 wydajno\u015b\u0107 w trakcie treningu<\/li>\n<li>zwalcza kontuzje<\/li>\n<li>regeneruje ca\u0142e cia\u0142o<\/li>\n<li>rozlu\u017ani mi\u0119\u015bnie<\/li>\n<li>odpr\u0119\u017cy cia\u0142o i umys\u0142<\/li>\n<\/ul>\n<p>Przyje\u017cd\u017cam na Wasze wydarzenie z w\u0142asnym sprz\u0119tem.<br \/> Chcesz pozna\u0107 szczeg\u00f3\u0142y oferty dla klub\u00f3w sportowych? Wystarczy, \u017ce do mnie zadzwonisz (tel) lub napiszesz wiadomo\u015b\u0107 prywatn\u0105<\/p>\n<p>[\/et_pb_text][\/et_pb_column][\/et_pb_row][\/et_pb_section][et_pb_section fb_built=&#8221;1&#8243; _builder_version=&#8221;4.0.2&#8243; custom_padding=&#8221;0px||0px|||&#8221;][et_pb_row column_structure=&#8221;1_2,1_2&#8243; _builder_version=&#8221;4.0.2&#8243; width=&#8221;75%&#8221; max_width=&#8221;75%&#8221;][et_pb_column type=&#8221;1_2&#8243; _builder_version=&#8221;4.0.2&#8243;][et_pb_text _builder_version=&#8221;4.0.2&#8243; text_font=&#8221;Muli|700|||||||&#8221; text_text_color=&#8221;#282821&#8243; text_font_size=&#8221;16px&#8221; text_line_height=&#8221;2em&#8221; custom_margin=&#8221;-6px|||&#8221; custom_padding=&#8221;|||&#8221;]<\/p>\n<p><strong>Masa\u017c dla nowo\u017ce\u0144c\u00f3w?<\/strong><\/p>\n<p>Przygotowujecie si\u0119 do \u015blubu i stresujecie si\u0119 jak wszystko wyjdzie? Biegacie z miejsca w miejsce, a w tym szczeg\u00f3lnym dniu jeste\u015bcie cali spi\u0119ci. Pozw\u00f3lcie sobie cieszy\u0107 si\u0119 tym dniem w pe\u0142ni!<br \/> Prawdziwy relaksacyjny masa\u017c to jeden z pi\u0119kniejszych prezent\u00f3w, kt\u00f3ry mo\u017cna w tym dniu dosta\u0107! Zrelaksowani, odpr\u0119\u017ceni zapami\u0119tacie sw\u00f3j \u015blub jako jeden z najpi\u0119kniejszych dni w \u017cyciu.<br \/> Mo\u017ce znacie, kogo\u015b, kto przygotowuje si\u0119 do \u015blubu? Masa\u017c dla nowo\u017ce\u0144c\u00f3w to bardzo oryginalny i wyj\u0105tkowo przydatny prezent.<br \/> Wystarczy, \u017ce zadzwonisz, aby um\u00f3wi\u0107 wizyt\u0119 w moim gabinecie, albo w waszym domu. Tak! Mog\u0119 dojecha\u0107 do Was ze sto\u0142em do masa\u017cu!<br \/> Dzi\u0119ki masa\u017cowi dla nowo\u017ce\u0144c\u00f3w:<\/p>\n<ul>\n<li>b\u0119dzie zrelaksowani w trakcie ceremonii<\/li>\n<li>zapami\u0119tacie wi\u0119cej pi\u0119knych chwil<\/li>\n<li>b\u0119dziecie odpr\u0119\u017ceni i u\u015bmiechni\u0119ci<\/li>\n<li>b\u0119dziecie si\u0119 \u015bwietnie bawi\u0107 na weselu<\/li>\n<li>dzie\u0144 Waszego \u015blubu b\u0119dzie przyjemno\u015bci\u0105, a nie dodatkowym stresem<\/li>\n<\/ul>\n<p> WSZYSTKIEGO DOBREGO NA NOWEJ DRODZE \u017bYCIA!<br \/> Zapisz si\u0119 ju\u017c dzi\u015b i pozw\u00f3l sobie na prawdziw\u0105 ulg\u0119:<br \/> &#8211; telefon: 693 453 200<\/p>\n<p>[\/et_pb_text][\/et_pb_column][et_pb_column type=&#8221;1_2&#8243; _builder_version=&#8221;4.0.2&#8243;][et_pb_image src=&#8221;https:\/\/axis.lublin.pl\/wp-content\/uploads\/2019\/12\/people-2595862_1920.jpg&#8221; align=&#8221;center&#8221; force_fullwidth=&#8221;on&#8221; _builder_version=&#8221;4.0.2&#8243;][\/et_pb_image][\/et_pb_column][\/et_pb_row][\/et_pb_section][et_pb_section fb_built=&#8221;1&#8243; admin_label=&#8221;Subscription Section&#8221; _builder_version=&#8221;4.0.2&#8243; use_background_color_gradient=&#8221;on&#8221; background_color_gradient_start=&#8221;rgba(40,40,33,0.79)&#8221; background_color_gradient_end=&#8221;rgba(40,40,33,0.79)&#8221; background_color_gradient_overlays_image=&#8221;on&#8221; background_image=&#8221;https:\/\/axis.lublin.pl\/wp-content\/uploads\/2019\/12\/309222-P83RNB-412.jpg&#8221; background_position=&#8221;bottom_right&#8221; custom_padding=&#8221;96px||0px||false|false&#8221; top_divider_color=&#8221;#a2d44f&#8221; global_module=&#8221;91&#8243; saved_tabs=&#8221;all&#8221; locked=&#8221;off&#8221;][et_pb_row admin_label=&#8221;Row&#8221; _builder_version=&#8221;3.25&#8243; custom_padding=&#8221;13px|0px|27px|0px|false|false&#8221; locked=&#8221;off&#8221;][et_pb_column type=&#8221;4_4&#8243; _builder_version=&#8221;3.25&#8243; custom_padding=&#8221;|||&#8221; custom_padding__hover=&#8221;|||&#8221;][et_pb_text admin_label=&#8221;1&#8243; _builder_version=&#8221;4.0.2&#8243; header_line_height=&#8221;1.2em&#8221; header_2_font=&#8221;Lora|700|||||||&#8221; header_2_text_color=&#8221;#ffffff&#8221; header_2_font_size=&#8221;30px&#8221; header_2_line_height=&#8221;1.3em&#8221; text_orientation=&#8221;center&#8221; background_layout=&#8221;dark&#8221; custom_margin=&#8221;||10px|&#8221; animation_style=&#8221;fade&#8221; animation_direction=&#8221;left&#8221; animation_starting_opacity=&#8221;100%&#8221; header_2_font_size_tablet=&#8221;40px&#8221; header_2_font_size_phone=&#8221;25px&#8221; header_2_font_size_last_edited=&#8221;on|phone&#8221;]<\/p>\n<h2>Skontaktuj si\u0119 z nami<\/h2>\n<p>[\/et_pb_text][et_pb_divider color=&#8221;#ffffff&#8221; divider_style=&#8221;dotted&#8221; divider_weight=&#8221;5px&#8221; _builder_version=&#8221;3.17.6&#8243; max_width=&#8221;7%&#8221; module_alignment=&#8221;center&#8221; custom_margin=&#8221;||8px&#8221;][\/et_pb_divider][\/et_pb_column][\/et_pb_row][et_pb_row column_structure=&#8221;1_3,1_3,1_3&#8243; _builder_version=&#8221;3.25&#8243; custom_margin=&#8221;1px|auto||auto||&#8221; custom_padding=&#8221;0|0px|0px|0px|false|false&#8221;][et_pb_column type=&#8221;1_3&#8243; _builder_version=&#8221;3.25&#8243; custom_padding=&#8221;|||&#8221; custom_padding__hover=&#8221;|||&#8221;][et_pb_text admin_label=&#8221;1&#8243; _builder_version=&#8221;4.0.2&#8243; text_font=&#8221;Muli||||||||&#8221; text_font_size=&#8221;16px&#8221; text_line_height=&#8221;1.8em&#8221; header_3_font=&#8221;Lora|700|||||||&#8221; header_3_text_color=&#8221;#ffffff&#8221; header_3_font_size=&#8221;20px&#8221; header_3_line_height=&#8221;1.3em&#8221; text_orientation=&#8221;center&#8221; background_layout=&#8221;dark&#8221; custom_padding=&#8221;32px||32px||true&#8221;]<\/p>\n<h3>Adres<\/h3>\n<p>ul. Mackiewicza 7<br \/> (Cube Squash &amp; Fitness)<br \/> Lublin<\/p>\n<p>[\/et_pb_text][\/et_pb_column][et_pb_column type=&#8221;1_3&#8243; _builder_version=&#8221;3.25&#8243; custom_padding=&#8221;|||&#8221; custom_padding__hover=&#8221;|||&#8221;][et_pb_text admin_label=&#8221;1&#8243; _builder_version=&#8221;4.0.2&#8243; text_font=&#8221;Muli||||||||&#8221; text_font_size=&#8221;16px&#8221; text_line_height=&#8221;1.8em&#8221; header_3_font=&#8221;Lora|700|||||||&#8221; header_3_text_color=&#8221;#ffffff&#8221; header_3_font_size=&#8221;20px&#8221; header_3_line_height=&#8221;1.3em&#8221; text_orientation=&#8221;center&#8221; background_layout=&#8221;dark&#8221; custom_padding=&#8221;32px||32px||true&#8221; border_width_right=&#8221;1px&#8221; border_color_right=&#8221;rgba(255,255,255,0.18)&#8221; border_width_left=&#8221;1px&#8221; border_color_left=&#8221;rgba(255,255,255,0.18)&#8221; locked=&#8221;off&#8221;]<\/p>\n<h3>Telefon<\/h3>\n<p>+48 693 453 200[\/et_pb_text][\/et_pb_column][et_pb_column type=&#8221;1_3&#8243; _builder_version=&#8221;3.25&#8243; custom_padding=&#8221;|||&#8221; custom_padding__hover=&#8221;|||&#8221;][et_pb_text admin_label=&#8221;1&#8243; _builder_version=&#8221;4.0.2&#8243; text_font=&#8221;Muli||||||||&#8221; text_font_size=&#8221;16px&#8221; text_line_height=&#8221;1.8em&#8221; header_3_font=&#8221;Lora|700|||||||&#8221; header_3_text_color=&#8221;#ffffff&#8221; header_3_font_size=&#8221;20px&#8221; header_3_line_height=&#8221;1.3em&#8221; text_orientation=&#8221;center&#8221; background_layout=&#8221;dark&#8221; custom_padding=&#8221;32px||32px||true&#8221; locked=&#8221;off&#8221;]<\/p>\n<h3>Email<\/h3>\n<p>kontakt@axis.lublin.pl[\/et_pb_text][\/et_pb_column][\/et_pb_row][et_pb_row _builder_version=&#8221;3.25&#8243; custom_padding=&#8221;0px|0px|27px|0px|false|false&#8221;][et_pb_column type=&#8221;4_4&#8243; _builder_version=&#8221;3.25&#8243; custom_padding=&#8221;|||&#8221; custom_padding__hover=&#8221;|||&#8221;][et_pb_social_media_follow _builder_version=&#8221;4.0.2&#8243; text_orientation=&#8221;center&#8221; locked=&#8221;off&#8221;][et_pb_social_media_follow_network social_network=&#8221;facebook&#8221; url=&#8221;https:\/\/www.facebook.com\/axis.lublin\/&#8221; _builder_version=&#8221;4.0.2&#8243; custom_margin=&#8221;8px|8px|8px|8px&#8221; custom_padding=&#8221;6px|6px|6px|6px&#8221; border_radii=&#8221;on||||&#8221; background__hover_enabled=&#8221;on&#8221; background_color__hover=&#8221;#e87511&#8243; follow_button=&#8221;off&#8221; url_new_window=&#8221;on&#8221;]facebook[\/et_pb_social_media_follow_network][\/et_pb_social_media_follow][\/et_pb_column][\/et_pb_row][\/et_pb_section][et_pb_section fb_built=&#8221;1&#8243; fullwidth=&#8221;on&#8221; _builder_version=&#8221;4.0.2&#8243; global_module=&#8221;93&#8243; saved_tabs=&#8221;all&#8221;][et_pb_fullwidth_code _builder_version=&#8221;4.0.2&#8243;]<iframe loading=\"lazy\" src=\"https:\/\/www.google.com\/maps\/embed?pb=!1m18!1m12!1m3!1d2496.259860486351!2d22.56054841576123!3d51.269535579596756!2m3!1f0!2f0!3f0!3m2!1i1024!2i768!4f13.1!3m3!1m2!1s0x47225754fabd2787%3A0xb632c8838bd542ce!2sJ%C3%B3zefa%20Mackiewicza%207%2C%2020-148%20Lublin!5e0!3m2!1spl!2spl!4v1575280016351!5m2!1spl!2spl\" width=\"2500\" height=\"400\" frameborder=\"0\" style=\"border:0;\" allowfullscreen=\"\"><\/iframe>[\/et_pb_fullwidth_code][\/et_pb_section]<\/p>\n","protected":false},"excerpt":{"rendered":"<p>Masa\u017c dla nauczycieli Praca nauczyciela wi\u0105\u017ce si\u0119 z du\u017cym napi\u0119ciem emocjonalnym, kt\u00f3re po up\u0142ywie czasu ujawnia si\u0119 w postaci napi\u0119cia w r\u00f3\u017cnych odcinkach kr\u0119gos\u0142upa. Po powrocie do domu tak\u017ce trudno si\u0119 odpr\u0119\u017cy\u0107 i w pe\u0142ni zregenerowa\u0107. Nat\u0142ok obowi\u0105zk\u00f3w i stres wp\u0142ywaj\u0105 niekorzystnie na jako\u015b\u0107 Twojego \u017cycia. Dlatego zaprojektowali\u015bmy specjalny masa\u017c dla nauczycieli, kt\u00f3ry pomaga zdj\u0105\u0107 [&hellip;]<\/p>\n","protected":false},"author":1,"featured_media":0,"parent":0,"menu_order":0,"comment_status":"closed","ping_status":"closed","template":"","meta":{"_et_pb_use_builder":"on","_et_pb_old_content":"","_et_gb_content_width":"","footnotes":""},"class_list":["post-6","page","type-page","status-publish","hentry"],"_links":{"self":[{"href":"https:\/\/axis.lublin.pl\/index.php\/wp-json\/wp\/v2\/pages\/6","targetHints":{"allow":["GET"]}}],"collection":[{"href":"https:\/\/axis.lublin.pl\/index.php\/wp-json\/wp\/v2\/pages"}],"about":[{"href":"https:\/\/axis.lublin.pl\/index.php\/wp-json\/wp\/v2\/types\/page"}],"author":[{"embeddable":true,"href":"https:\/\/axis.lublin.pl\/index.php\/wp-json\/wp\/v2\/users\/1"}],"replies":[{"embeddable":true,"href":"https:\/\/axis.lublin.pl\/index.php\/wp-json\/wp\/v2\/comments?post=6"}],"version-history":[{"count":0,"href":"https:\/\/axis.lublin.pl\/index.php\/wp-json\/wp\/v2\/pages\/6\/revisions"}],"wp:attachment":[{"href":"https:\/\/axis.lublin.pl\/index.php\/wp-json\/wp\/v2\/media?parent=6"}],"curies":[{"name":"wp","href":"https:\/\/api.w.org\/{rel}","templated":true}]}}